 15053 a prime number?
True
Is 33211 composite?
False
Is 3707 prime?
False
Is 882893 a composite number?
True
Is 123547 a composite number?
False
Is 1865791 prime?
True
Is 196211 a prime number?
False
Is 14099 a composite number?
True
Is 1875173 a composite number?
False
Is 1739 prime?
False
Is 43049 a composite number?
False
Is 29363 prime?
True
Is 3691 composite?
False
Is 3877 composite?
False
Is 312727 a prime number?
True
Is 48553 composite?
True
Is 3271 a composite number?
False
Is 1625941 a prime number?
False
Is 1733 composite?
False
Is 8333 a composite number?
True
Is 9133 composite?
False
Is 254081 a prime number?
False
Is 438649 a composite number?
True
Is 10781 composite?
False
Is 127 a prime number?
True
Is 370303 prime?
False
Is 989907 a composite number?
True
Is 7057 a prime number?
True
Is 1609853 composite?
True
Is 3892085 a prime number?
False
Is 103231 prime?
True
Is 1681957 prime?
True
Is 6005 composite?
True
Is 190733 a prime number?
False
Is 2419629 composite?
True
Is 808791 a composite number?
True
Is 161817 a composite number?
True
Is 36373 composite?
False
Is 37931 a prime number?
False
Is 16143 a composite number?
True
Is 750119 prime?
True
Is 103549 a composite number?
False
Is 3571 a composite number?
False
Is 12526 a prime number?
False
Is 1147819 composite?
False
Is 9263 a prime number?
False
Is 3929513 a composite number?
True
Is 309623 prime?
True
Is 3341 composite?
True
Is 10661 prime?
False
Is 3077 a composite number?
True
Is 38149 a composite number?
False
Is 372869 prime?
False
Is 29473 a prime number?
True
Is 11127 a prime number?
False
Is 3247417 a composite number?
False
Is 214813 a composite number?
True
Is 34179 a composite number?
True
Is 211 prime?
True
Is 534763 prime?
False
Is 979159 composite?
False
Is 72533 a composite number?
False
Is 2461 a prime number?
False
Is 8521 composite?
False
Is 589181 prime?
True
Is 35311 prime?
True
Is 1905707 prime?
False
Is 31937 prime?
False
Is 5513 composite?
True
Is 1811 a composite number?
False
Is 587189 a composite number?
False
Is 61433 prime?
False
Is 41091 prime?
False
Is 40253 composite?
False
Is 44351 composite?
False
Is 3189 a composite number?
True
Is 46363 prime?
False
Is 141706 composite?
True
Is 165811 a composite number?
False
Is 36742 composite?
True
Is 398081 prime?
False
Is 73641 a composite number?
True
Is 2576539 prime?
False
Is 210151 a composite number?
True
Is 4679 prime?
True
Is 106837 a composite number?
True
Is 8223 a composite number?
True
Is 253973 a prime number?
False
Is 46133 a prime number?
True
Is 6161 prime?
False
Is 255757 composite?
False
Is 3737 composite?
True
Is 199913 prime?
False
Is 5147 composite?
False
Is 11863 a prime number?
True
Is 697343 composite?
True
Is 853187 composite?
False
Is 122849 a composite number?
False
Is 3389 a composite number?
False
Is 686579 prime?
False
Is 24573 composite?
True
Is 6017 composite?
True
Is 11797 prime?
False
Is 379529 composite?
True
Is 4439 composite?
True
Is 697 prime?
False
Is 80897 prime?
True
Is 208317 a prime number?
False
Is 1764553 a prime number?
False
Is 28837 a composite number?
False
Is 104119 a prime number?
True
Is 28127 composite?
True
Is 7144607 prime?
False
Is 9781 a prime number?
True
Is 30713 composite?
False
Is 790169 composite?
False
Is 499123 a prime number?
False
Is 122021 a prime number?
True
Is 9427 prime?
False
Is 39651 composite?
True
Is 6233 prime?
False
Is 531071 a composite number?
False
Is 7283 a prime number?
True
Is 184511 a composite number?
False
Is 283343 composite?
True
Is 5381 a prime number?
True
Is 311837 prime?
False
Is 1482379 a composite number?
True
Is 15451 a composite number?
False
Is 21741 prime?
False
Is 757259 a composite number?
False
Is 13643 a composite number?
True
Is 5171 prime?
True
Is 41077 a prime number?
True
Is 713807 a prime number?
True
Is 9965 composite?
True
Is 10799 a prime number?
True
Is 5539 composite?
True
Is 87895 a prime number?
False
Is 319883 a composite number?
False
Is 14969 prime?
True
Is 1210983 composite?
True
Is 13198 prime?
False
Is 127637 composite?
False
Is 176854 a prime number?
False
Is 1046483 a composite number?
True
Is 4449 a prime number?
False
Is 70039 a prime number?
True
Is 101399 a prime number?
True
Is 274711 a composite number?
False
Is 901 composite?
True
Is 140351 a prime number?
True
Is 153742 a composite number?
True
Is 1373 a prime number?
True
Is 510989 a composite number?
False
Is 8491 prime?
False
Is 41473 a composite number?
True
Is 1231961 a prime number?
True
Is 200881 a composite number?
False
Is 77317 a prime number?
True
Is 731377 a composite number?
True
Is 229817 composite?
True
Is 2255657 a prime number?
True
Is 1655 composite?
True
Is 12217 prime?
False
Is 399103 prime?
False
Is 3959 a prime number?
False
Is 966653 a prime number?
True
Is 61837 prime?
True
Is 1022647 a composite number?
True
Is 19079 a prime number?
True
Is 7121 composite?
False
Is 7909 a prime number?
False
Is 1083895 a prime number?
False
Is 130937 a prime number?
False
Is 9493 prime?
False
Is 21121 prime?
True
Is 591523 prime?
True
Is 6341 prime?
False
Is 28123 prime?
True
Is 2149 composite?
True
Is 130173 a prime number?
False
Is 23297 composite?
False
Is 223219 composite?
False
Is 6217 prime?
True
Is 30529 prime?
True
Is 5255 composite?
True
Is 174821 prime?
True
Is 23402 a composite number?
True
Is 1262203 prime?
True
Is 237563 prime?
True
Is 91 composite?
True
Is 5807 a composite number?
False
Is 14369 prime?
True
Is 1517881 a composite number?
False
Is 3377 a prime number?
False
Is 2051 a composite number?
True
Is 24319 composite?
True
Is 1430119 a composite number?
False
Is 58933 a prime number?
False
Is 2939 prime?
True
Is 28429 a composite number?
False
Is 37678 a prime number?
False
Is 5779 a prime number?
True
Is 13443 a prime number?
False
Is 42899 composite?
False
Is 26155 a prime number?
False
Is 9389 composite?
True
Is 3748533 a composite number?
True
Is 3839354 a composite number?
True
Is 326773 prime?
True
Is 162257 composite?
False
Is 40441 a composite number?
True
Is 12938 prime?
False
Is 450209 composite?
False
Is 77533 prime?
False
Is 2019 prime?
False
Is 800573 composite?
False
Is 5293 a prime number?
False
Is 2021167 prime?
True
Is 912793 a composite number?
True
Is 202471 a composite number?
False
Is 40463 composite?
True
Is 2251 composite?
False
Is 19553 prime?
True
Is 118247 a prime number?
True
Is 653033 composite?
False
Is 18923 a prime number?
False
Is 410171 a prime number?
True
Is 717367 a prime number?
False
Is 6407 composite?
True
Is 12517 prime?
True
Is 800401 a composite number?
True
Is 757807 a prime number?
True
Is 56081 composite?
False
Is 112579 a composite number?
True
Is 308899 composite?
False
Is 677099 a prime number?
False
Is 45599 composite?
False
Is 109223 prime?
False
Is 8843 a composite number?
True
Is 14591 prime?
True
Is 357223 a composite number?
True
Is 3829649 a composite number?
False
Is 4111 prime?
True
Is 1319 a composite number?
False
Is 362465 composite?
True
Is 25007 prime?
False
Is 32831 composite?
False
Is 680522 a prime number?
False
Is 1179839 composite?
False
Is 517961 a prime number?
False
Is 195967 prime?
True
Is 209767 composite?
False
Is 2641451 composite?
False
Is 29482 prime?
False
Is 168605 prime?
False
Is 772439 composite?
False
Is 354247 a prime number?
True
Is 183553 composite?
True
Is 258758 prime?
False
Is 1049 composite?
False
Is 2777 a composite number?
False
Is 1536703 composite?
True
Is 3038429 prime?
True
Is 157769 prime?
True
Is 14477 a composite number?
True
Is 13849 a composite number?
True
Is 2098 composite?
True
Is 598271 a composite number?
True
Is 393659 a prime number?
False
Is 248887 composite?
False
Is 747599 prime?
True
Is 114593 prime?
True
Is 102667 prime?
True
Is 201859 a prime number?
False
Is 79229 prime?
True
Is 1387 a composite number?
True
Is 246311 a prime number?
False
Is 39685 composite?
True
Is 99547 composite?
True
Is 13289 a prime number?
False
Is 51771 a prime number?
False
Is 623351 a prime number?
True
Is 23687 a composite number?
False
Is 7607 a prime number?
True
Is 713002 composite?
True
Is 197537 a composite number?
True
Is 537131 composite?
True
Is 37709 a composite number?
True
Is 55729 a pr